224. Let k be (-1)/(-4) + g/(-16). Suppose -d - k*d = -8. What is the units digit of d?
2
Let i(r) = 5*r - 5 + 0 - 4*r. Let u be i(7). Suppose -o - 5 = 5*m, 5*o + u*m = -0*o + 44. What is the tens digit of o?
1
Suppose 5 = -3*u + 26. Let w = u + -7. Suppose w = -6*y + 10*y - 40. What is the units digit of y?
0
Suppose 2*c + 5*a - 11 = 0, -5*a = 2*c - 5*c + 4. Let y(s) = 7*s - 3. Let i be y(c). Suppose -5*m + 42 = 4*l - 0*m, 3*l - i = 3*m. What is the units digit of l?
8
Let l(k) be the first derivative of -k**2/2 - 9*k + 1. Let o be l(-4). Let b = o - -11. What is the units digit of b?
6
Suppose u - w = 31, -43 = -4*u + 3*u - 2*w. What is the tens digit of u?
3
Suppose q + 32 = 93. What is the tens digit of q?
6
Suppose -4*r = -9*r. Suppose -5*v - 10 = -4*w, r*v = -4*w - 4*v - 8. Suppose w - 15 = -x. What is the units digit of x?
5
Let f(b) = 2*b**3 + b**2 - b - 1. Let n be f(-1). What is the tens digit of 3 - 3 - (-12 + n)?
1
Suppose 0*u = -4*u. Suppose u = -2*o + 7*o. Suppose o = 5*i - 0*y - 4*y - 21, -4*y = 2*i + 14. What is the units digit of i?
1
Suppose -59*u + 64*u = 295. What is the units digit of u?
9
Let i(q) = -q**3 + 9*q**2 + 11. What is the tens digit of i(9)?
1
Suppose 6 = 4*u - 2. Let h(f) = -f**3 - 2*f**2 + 2*f + 3. Let k be h(-5). Suppose -i = 5*j - u, 5*i - 7*j - k = -3*j. What is the units digit of i?
2
Let v = -26 + 15. Let r = v + 20. What is the units digit of r?
9
Let u(c) = 3*c**2 + 3*c + 5. Let n(k) = k**2 + 2*k + 3. Let r(o) = -5*n(o) + 2*u(o). What is the units digit of r(7)?
6
Let g = -104 + 153. What is the tens digit of g?
4
Suppose -118 - 7 = -5*z - 5*y, z + 4*y - 13 = 0. What is the tens digit of z?
2
Let b(c) = -c**3 - 3*c**2 + 4*c + 5. Let x be b(-2). Let z = -28 + 40. Let a = x + z. What is the units digit of a?
5
Let g(f) = -f**2 + 7*f + 6. Let w be 64/6*(-21)/(-14). Let v = w - 10. What is the units digit of g(v)?
2
Let l(g) = 0*g + 0 - 2 + 4*g. What is the units digit of l(2)?
6
Let y = 42 - -6. What is the units digit of y?
8
Suppose 2*w - 280 = -102. What is the tens digit of w?
8
Suppose -25*j + 1365 = -18*j. What is the units digit of j?
5
Let w(s) = s**2 - s. Let o = -7 - -1. Let u(q) = -q**3 + 4*q**2 + 4*q + 15. Let x(h) = o*w(h) - u(h). What is the units digit of x(10)?
5
What is the tens digit of (33/(-99))/((2/(-258))/1)?
4
Let s(i) = 5*i**3 - 3*i + 4. What is the units digit of s(2)?
8
Let n be (12/(-10))/(15/50). Let k(y) = y + 5. What is the units digit of k(n)?
1
Let z(t) = -t**2 + 10*t - 4. Let n be z(4). Suppose n = 3*o - 10. Let x = o + -6. What is the units digit of x?
4
Let b(p) = -p + 3. What is the units digit of b(-3)?
6
Suppose -44 = c - 149. Suppose -3*y - y + 77 = n, 0 = -5*y - 3*n + c. What is the units digit of y?
8
Let s(l) = l**2 + 8*l + 4. Let h be s(-8). Suppose h*j - 149 = -25. What is the tens digit of j?
3
Suppose 3*f - 4*h - 353 = 0, -5*f + 4*h + 221 = -362. What is the tens digit of f?
1
Let x be (-84)/(-8) + (-1)/2. Let t be 4/10 + 136/x. What is the units digit of 2/(8/t)*2?
7
Let l(w) = w**2 - 8*w - 6. Let p be l(6). Let r(n) = n**3 + 9*n**2 - 10*n - 11. Let q be r(-10). Let z = q - p. What is the units digit of z?
7
Let q = 25 + -22. Suppose 5*m + 44 = q*g - 2*g, 2*g + 5*m - 58 = 0. What is the units digit of g?
4
Let l(o) = -o**3 - 11*o**2 - 10*o + 1. What is the units digit of l(-10)?
1
Suppose 0 = 2*l + z - 741, l = 3*z + 267 + 93. What is the hundreds digit of l?
3
Let y(o) = 7*o**3 - 15*o - 1. Suppose 3 = -p - 3. Let f(t) = 8*t**3 - t**2 - 16*t. Let u(q) = p*f(q) + 7*y(q). What is the units digit of u(-7)?
7
Suppose i = 69 - 38. What is the units digit of i?
1
What is the units digit of (-101)/(-5) + (-3)/15?
0
Let z = 2 + -8. What is the tens digit of 526/18 + z/27?
2
Let b = -114 + 281. What is the hundreds digit of b?
1
Suppose 15*i = 1434 - 189. What is the units digit of i?
3
Let f(w) = -w**3 + 8*w**2 - 6*w - 2. Let z be f(7). Let p be 4/z - 3/(-15). Suppose -p = -2*n + 7. What is the units digit of n?
4
Suppose 4*d - 2*y = 14, 2 + 1 = 2*d + 3*y. What is the units digit of d*(-3)/(9/(-14))?
4
Let d = 14 + -16. What is the tens digit of -17*(-4)/(d + 6)?
1
Let q(s) = s**2 - 2*s - 9. What is the tens digit of q(-8)?
7
Suppose -2*o - 62 = 20. What is the units digit of -4*(o/4 + 3)?
9
Let g(c) be the third derivative of -c**7/2520 - c**6/144 - c**5/15 - c**2. Let s(y) be the third derivative of g(y). What is the units digit of s(-6)?
7
Let j(a) = a**2 - 6 + 12 - 13*a + 13. What is the tens digit of j(14)?
3
Let x = -1 - -3. Let f be (-1 - -1)*3/6. Suppose -b + x = -f*b. What is the units digit of b?
2
Let z = -6 - -18. Suppose -4*y = -2*x + z, -x - 3*y - 3 + 9 = 0. What is the units digit of x?
6
What is the units digit of -26*(0*(-3)/(-12) + -1)?
6
Let x be (10/6)/(5/120). Suppose -x = -6*j + j. What is the units digit of j?
8
Let s(t) = -t**3 - 3*t**2 + 2. Let p be s(-2). What is the tens digit of (-39)/p - 6/(-4)?
2
Suppose -y + 2*u + 12 = 0, -u + 2*u + 8 = y. What is the units digit of y?
4
What is the hundreds digit of (-6 + 2)/(((-12)/(-142))/(-3))?
1
What is the hundreds digit of ((-193)/4)/((-9)/36)?
1
Let r(l) = -2*l + 5. Let h be r(7). What is the units digit of 12*1 - h/(-3)?
9
Suppose 0 = 5*n - 5*s + 65, -6 = -2*s - 0*s. Let p(v) = -v**3 + 22. Let k be p(0). What is the units digit of k/5 + 4/n?
4
Suppose -5*d - 8 = -293. Suppose -b = 2*b - d. What is the tens digit of b?
1
Suppose -3*q + 9 = m, -q + m + 3 = -3*m. Let o(v) be the third derivative of -v**5/60 + v**4/6 + v**3/6 + 12*v**2. What is the units digit of o(q)?
4
Let p(o) = -8*o**3 - o**2 - 2*o - 1. What is the units digit of p(-1)?
8
Suppose d = -3*g - 13, 0 = -6*g + 3*g - 15. Let p = 2 + 3. Suppose -p*r = 2*f - 7*f - 50, -r + d*f + 14 = 0. What is the units digit of r?
6
Suppose 14 - 6 = 4*h. Suppose h*n - 4*t = 5*n - 53, -3*n = t - 47. What is the units digit of n?
5
Let z be 58 + (1 - (2 - 0)). Suppose -5*y = -4*m - 43 - 20, 3*y = -4*m + z. What is the tens digit of y?
1
Let z(b) = -6*b + 12. What is the tens digit of z(-26)?
6
Let s = 5 - 7. What is the tens digit of 0/s - (-27 + 1)?
2
Let f(v) be the third derivative of 3*v**5/20 + v**3/6 + v**2. What is the tens digit of f(1)?
1
Suppose -3*g = -94 - 44. What is the units digit of g?
6
Let i be 6 - ((-3)/1 + 2). Let y = 0 + 5. Suppose q + i = -y*s + 5*q, 4*s - 2*q = -2. What is the units digit of s?
1
Suppose 5*z - 45 = -5*l, -2*z + 2*l + 3*l - 10 = 0. What is the units digit of (z/15)/(2/204)?
4
Let o(t) = t**3 + 17*t**2 - 3*t + 5. What is the units digit of o(-17)?
6
Let m(v) = 5*v - 7. Let p(k) = 9*k - 13. Let s(i) = 11*m(i) - 6*p(i). Let y be s(5). Suppose -y + 1 = -5*x. What is the units digit of x?
1
What is the tens digit of ((-23)/2)/(2/(-4))?
2
Suppose -n = d - 5, 4*n - n - 3*d = 39. What is the units digit of n?
9
Suppose -5*y = -51 - 24. Suppose -g - y = -5*r - 0*r, r - 3*g - 17 = 0. Suppose -r*v + 3*v - 5 = 0. What is the units digit of v?
5
Suppose 5*j = -25, -q = -5*j - 88 - 12. What is the units digit of q?
5
Suppose -2*l - 7 = -3*b, 5*l + 0*b = -b - 9. Let n(k) = k**3 + 5*k**2 + 2*k - 1. What is the units digit of n(l)?
7
Suppose 2*z + u = 3*z - 2, -3*u + 22 = z. What is the units digit of z?
7
Suppose 2*p = 2*r + 10, p - 9 = 2*r + r. Suppose -14 + p = -z - i, -3*z + 4*i = -47. What is the tens digit of z?
1
Let z be (45/12)/(1/(-4)). What is the units digit of -5*(2 - (-57)/z)?
9
Let v = 20 + -15. Let y = 8 + -5. Suppose 4*b = v*i + 19, 0*i + y*i = -3*b + 48. What is the tens digit of b?
1
Let t = -136 + 407. What is the units digit of t?
1
Suppose 2 + 45 = u. What is the units digit of u?
7
Suppose 2*n - 96 = -n. Let t = n + -22. What is the tens digit of t?
1
Suppose -3*j + j = 72. Let x = j - -53. What is the tens digit of x?
1
Let q(v) = v**3 - 6*v**2 + 1. Suppose -w = w - 12. What is the units digit of q(w)?
1
What is the tens digit of (332 - 16)*(-1)/(-4)?
7
Let a(o) = o**3 - 2*o**2 - 3*o + 3. Let d be a(3). What is the units digit of (-1 + d)/((-18)/(-27))?
3
Suppose 0 = 3*h - 5*l - 38, -5*h = -9*l + 4*l - 70. Let q = 28 - h. Suppose -3*m = -21 - q. What is the units digit of m?
1
What is the tens digit of 1/4 + 111/4?
2
Let n = -4 + 7. Let b = n + 3. What is the units digit of b?
6
Let t = 5 - -9. What is 